{"id":19,"date":"2019-01-21T22:50:15","date_gmt":"2019-01-21T22:50:15","guid":{"rendered":"http:\/\/sakti.octo.nc\/?page_id=19"},"modified":"2022-04-30T06:01:09","modified_gmt":"2022-04-30T06:01:09","slug":"auto-draft","status":"publish","type":"page","link":"https:\/\/www.sakti.nc\/","title":{"rendered":"Page d&rsquo;accueil"},"content":{"rendered":"\n<div class=\"slider-wrapper relative \" id=\"slider-872861051\" >\n    <div class=\"slider slider-nav-circle slider-nav-normal slider-nav-light slider-style-normal slider-show-nav\"\n        data-flickity-options='{\n            \"cellAlign\": \"center\",\n            \"imagesLoaded\": true,\n            \"lazyLoad\": 1,\n            \"freeScroll\": true,\n            \"wrapAround\": true,\n            \"autoPlay\": 8500,\n            \"pauseAutoPlayOnHover\" : true,\n            \"prevNextButtons\": true,\n            \"contain\" : true,\n            \"adaptiveHeight\" : true,\n            \"dragThreshold\" : 10,\n            \"percentPosition\": true,\n            \"pageDots\": true,\n            \"rightToLeft\": false,\n            \"draggable\": true,\n            \"selectedAttraction\": 0.1,\n            \"parallax\" : 0,\n            \"friction\": 0.6        }'\n        >\n        \n\n\n  <div class=\"banner has-hover\" id=\"banner-1043653833\">\n          <div class=\"banner-inner fill\">\n        <div class=\"banner-bg fill\" >\n            <div class=\"bg fill bg-fill \"><\/div>\n                                    \n                    <\/div><!-- bg-layers -->\n        <div class=\"banner-layers container\">\n            <div class=\"fill banner-link\"><\/div>            \n\n\t<div class=\"img has-hover x50 md-x50 lg-x50 y50 md-y50 lg-y50\" id=\"image_1495438146\">\n\t\t\t\t\t\t\t\t<div class=\"img-inner image-cover dark\" style=\"padding-top:50%;\">\n\t\t\t<img width=\"1020\" height=\"404\" src=\"https:\/\/www.sakti.nc\/wp-content\/uploads\/2019\/01\/shutterstock_553833049-1-1024x406.jpg\" class=\"attachment-large size-large\" alt=\"\" loading=\"lazy\" srcset=\"https:\/\/www.sakti.nc\/wp-content\/uploads\/2019\/01\/shutterstock_553833049-1-1024x406.jpg 1024w, https:\/\/www.sakti.nc\/wp-content\/uploads\/2019\/01\/shutterstock_553833049-1-300x119.jpg 300w, https:\/\/www.sakti.nc\/wp-content\/uploads\/2019\/01\/shutterstock_553833049-1-768x304.jpg 768w\" sizes=\"(max-width: 1020px) 100vw, 1020px\" \/>\t\t\t\t\t\t\n\t\t\t\t\t<\/div>\n\t\t\t\t\t\t\t\t\n<style scope=\"scope\">\n\n#image_1495438146 {\n  width: 100%;\n}\n<\/style>\n\t<\/div>\n\t\n\n   <div id=\"text-box-1248590113\" class=\"text-box banner-layer x5 md-x5 lg-x5 y95 md-y50 lg-y50 res-text\">\n                                <div class=\"text box-shadow-1\">\n              \n              <div class=\"text-inner text-left\">\n                  \n\n<div class=\"_2cuy _3dgx _2vxa\">Pour passer d&rsquo;une situation actuelle \u00e0 une situation d\u00e9sir\u00e9e, venez go\u00fbter aux outils du coaching&#8230;\u00a0<br \/>En face \u00e0 face et \u00e0 votre rythme, comptez sur mon \u00e9coute active et de la reformulation pour avancer \u00e0 la d\u00e9couverte de vos solutions.<\/div>\n<div>\u00a0<\/div>\n<div>Si vous pr\u00e9f\u00e9rez un travail en petit groupe, testez les ateliers de connaissance de soi !<\/div>\n<h4 class=\"_2cuy _3dgx _2vxa\">En tous cas, parlons de vous d\u00e8s que possible !<\/h4>\n<a href=\"https:\/\/www.sakti.nc\/?page_id=37\" target=\"_self\" class=\"button primary is-gradient box-shadow-3\"  style=\"border-radius:24px;\">\n    <span>CONTACTEZ MOI !<\/span>\n  <\/a>\n\n\n\n              <\/div>\n           <\/div><!-- text-box-inner -->\n                            \n<style scope=\"scope\">\n\n#text-box-1248590113 .text {\n  background-color: rgba(255, 255, 255, 0.94);\n  font-size: 100%;\n}\n#text-box-1248590113 .text-inner {\n  padding: 30px 30px 30px 30px;\n}\n#text-box-1248590113 {\n  width: 90%;\n}\n\n\n@media (min-width:550px) {\n\n  #text-box-1248590113 {\n    width: 56%;\n  }\n\n}\n<\/style>\n    <\/div><!-- text-box -->\n \n\n        <\/div><!-- .banner-layers -->\n      <\/div><!-- .banner-inner -->\n\n            \n<style scope=\"scope\">\n\n#banner-1043653833 {\n  padding-top: 99.99%;\n}\n#banner-1043653833 .bg.bg-loaded {\n  background-image: 4061;\n}\n#banner-1043653833 .bg {\n  background-position: 62% 60%;\n}\n\n\n@media (min-width:550px) {\n\n  #banner-1043653833 {\n    padding-top: 500px;\n  }\n\n}\n<\/style>\n  <\/div><!-- .banner -->\n\n\n\n  <div class=\"banner has-hover\" id=\"banner-1309473040\">\n          <div class=\"banner-inner fill\">\n        <div class=\"banner-bg fill\" >\n            <div class=\"bg fill bg-fill \"><\/div>\n                                    \n                    <\/div><!-- bg-layers -->\n        <div class=\"banner-layers container\">\n            <div class=\"fill banner-link\"><\/div>            \n\n\t<div class=\"img has-hover x50 md-x50 lg-x50 y50 md-y50 lg-y50\" id=\"image_225353459\">\n\t\t\t\t\t\t\t\t<div class=\"img-inner image-cover dark\" style=\"padding-top:50%;\">\n\t\t\t<img width=\"1020\" height=\"401\" src=\"https:\/\/www.sakti.nc\/wp-content\/uploads\/2019\/01\/shutterstock_635452637-1024x403.jpg\" class=\"attachment-large size-large\" alt=\"\" loading=\"lazy\" srcset=\"https:\/\/www.sakti.nc\/wp-content\/uploads\/2019\/01\/shutterstock_635452637-1024x403.jpg 1024w, https:\/\/www.sakti.nc\/wp-content\/uploads\/2019\/01\/shutterstock_635452637-300x118.jpg 300w, https:\/\/www.sakti.nc\/wp-content\/uploads\/2019\/01\/shutterstock_635452637-768x302.jpg 768w, https:\/\/www.sakti.nc\/wp-content\/uploads\/2019\/01\/shutterstock_635452637.jpg 1961w\" sizes=\"(max-width: 1020px) 100vw, 1020px\" \/>\t\t\t\t\t\t\n\t\t\t\t\t<\/div>\n\t\t\t\t\t\t\t\t\n<style scope=\"scope\">\n\n#image_225353459 {\n  width: 100%;\n}\n<\/style>\n\t<\/div>\n\t\n\n   <div id=\"text-box-1574650952\" class=\"text-box banner-layer x5 md-x5 lg-x5 y90 md-y50 lg-y50 res-text\">\n                                <div class=\"text box-shadow-1\">\n              \n              <div class=\"text-inner text-left\">\n                  \n\n<div class=\"_2cuy _3dgx _2vxa\">\u00a0Chef d&rsquo;entreprise, DRH ou repr\u00e9sentant du personnel&#8230;\u00a0pour \u00e9laborer des outils, porter un nouveau regard sur un dossier, optimiser vos pratiques R.H. ou simplement \u00eatre mieux, ensemble&#8230;<\/div>\n<div class=\"_2cuy _3dgx _2vxa\">Mes comp\u00e9tences sont \u00e0 votre disposition, y compris pour r\u00e9diger un accord sur le t\u00e9l\u00e9travail, mettre \u00e0 jour votre EvRP ou vous engager sur le chemin de la conformit\u00e9 au RGPD.<\/div>\n<div>\n<h4>Consultez mon offre de services !<\/h4>\n<\/div>\n<a href=\"https:\/\/www.sakti.nc\/?page_id=35\" target=\"_self\" class=\"button primary box-shadow-3\"  style=\"border-radius:28px;\">\n    <span>Services<\/span>\n  <\/a>\n\n\n\n              <\/div>\n           <\/div><!-- text-box-inner -->\n                            \n<style scope=\"scope\">\n\n#text-box-1574650952 .text {\n  background-color: rgba(255, 255, 255, 0.94);\n  font-size: 100%;\n}\n#text-box-1574650952 .text-inner {\n  padding: 30px 30px 30px 30px;\n}\n#text-box-1574650952 {\n  width: 88%;\n}\n\n\n@media (min-width:550px) {\n\n  #text-box-1574650952 {\n    width: 50%;\n  }\n\n}\n<\/style>\n    <\/div><!-- text-box -->\n \n\n        <\/div><!-- .banner-layers -->\n      <\/div><!-- .banner-inner -->\n\n            \n<style scope=\"scope\">\n\n#banner-1309473040 {\n  padding-top: 500px;\n}\n#banner-1309473040 .bg.bg-loaded {\n  background-image: 7232;\n}\n#banner-1309473040 .bg {\n  background-position: 62% 68%;\n}\n<\/style>\n  <\/div><!-- .banner -->\n\n\n\n     <\/div>\n\n     <div class=\"loading-spin dark large centered\"><\/div>\n\n     <style scope=\"scope\">\n             <\/style>\n<\/div><!-- .ux-slider-wrapper -->\n\n\n\t<section class=\"section\" id=\"section_1303312162\">\n\t\t<div class=\"bg section-bg fill bg-fill  bg-loaded\" >\n\n\t\t\t\n\t\t\t\n\t\t\t\n\n\t\t<\/div><!-- .section-bg -->\n\n\t\t<div class=\"section-content relative\">\n\t\t\t\n\n<h3 style=\"text-align: center;\">Parce que cr\u00e9er du lien et donner du sens au travail partag\u00e9 dans l\u2019entreprise sont des leviers d&rsquo;actions durables et rentables.<\/h3>\n\n\t\t<\/div><!-- .section-content -->\n\n\t\t\n<style scope=\"scope\">\n\n#section_1303312162 {\n  padding-top: 30px;\n  padding-bottom: 30px;\n}\n<\/style>\n\t<\/section>\n\t\n\t<section class=\"section\" id=\"section_753144924\">\n\t\t<div class=\"bg section-bg fill bg-fill  bg-loaded\" >\n\n\t\t\t\n\t\t\t\n\t\t\t\n\t<div class=\"is-border\"\n\t\tstyle=\"border-width:1px 0px 1px 0px;\">\n\t<\/div>\n\n\t\t<\/div><!-- .section-bg -->\n\n\t\t<div class=\"section-content relative\">\n\t\t\t\n\n<div class=\"row align-equal\"  id=\"row-1521529020\">\n\n<div class=\"col medium-4 small-12 large-4\"  ><div class=\"col-inner\"  >\n\n<h2 class=\"uppercase\">Mes derniers articles<\/h2>\n<p>O\u00f9 je vous livre quelques \u00e9l\u00e9ments de r\u00e9flexions et partage des liens ou actus que je trouve utiles \u00e0 la vie de nos entreprises comme \u00e0 l&rsquo;\u00e9panouissement individuel.<\/p>\n<a class=\"button primary\"  >\n    <span>ACTUS<\/span>\n  <\/a>\n\n\n\n<\/div><\/div>\n<div class=\"col medium-8 small-12 large-8\"  ><div class=\"col-inner\"  >\n\n\n  \n    <div class=\"row large-columns-2 medium-columns- small-columns-1 has-shadow row-box-shadow-1 slider row-slider slider-nav-circle\"  data-flickity-options='{\"imagesLoaded\": true, \"groupCells\": \"100%\", \"dragThreshold\" : 5, \"cellAlign\": \"left\",\"wrapAround\": true,\"prevNextButtons\": true,\"percentPosition\": true,\"pageDots\": false, \"rightToLeft\": false, \"autoPlay\" : false}'>\n\n  \t\t<div class=\"col post-item\" >\n\t\t\t<div class=\"col-inner\">\n\t\t\t<a href=\"https:\/\/www.sakti.nc\/?p=721\" class=\"plain\">\n\t\t\t\t<div class=\"box box-vertical box-text-bottom box-blog-post has-hover\">\n            \t\t\t\t\t<div class=\"box-image\" style=\"width:40%;\">\n  \t\t\t\t\t\t<div class=\"image-cover\" style=\"padding-top:223px;\">\n  \t\t\t\t\t\t\t<img width=\"300\" height=\"169\" src=\"https:\/\/www.sakti.nc\/wp-content\/uploads\/2023\/04\/shutterstock_520698886-edited-300x169.jpg\" class=\"attachment-medium size-medium wp-post-image\" alt=\"\" loading=\"lazy\" srcset=\"https:\/\/www.sakti.nc\/wp-content\/uploads\/2023\/04\/shutterstock_520698886-edited-300x169.jpg 300w, https:\/\/www.sakti.nc\/wp-content\/uploads\/2023\/04\/shutterstock_520698886-edited-768x432.jpg 768w, https:\/\/www.sakti.nc\/wp-content\/uploads\/2023\/04\/shutterstock_520698886-edited.jpg 1000w\" sizes=\"(max-width: 300px) 100vw, 300px\" \/>  \t\t\t\t\t\t\t  \t\t\t\t\t\t\t  \t\t\t\t\t\t<\/div>\n  \t\t\t\t\t\t  \t\t\t\t\t<\/div><!-- .box-image -->\n          \t\t\t\t\t<div class=\"box-text text-left\" style=\"background-color:rgb(255, 255, 255);\">\n\t\t\t\t\t<div class=\"box-text-inner blog-post-inner\">\n\n\t\t\t\t\t\n\t\t\t\t\t\t\t\t\t\t<h5 class=\"post-title is-large \">La plateforme PRO&rsquo;SUD est lanc\u00e9e !<\/h5>\n\t\t\t\t\t\t\t\t\t\t<div class=\"is-divider\"><\/div>\n\t\t\t\t\t\t\t\t\t\t<p class=\"from_the_blog_excerpt \">A l\u2019invitation de la DDET (Direction du D\u00e9veloppement Economique et du Tourisme), nous \u00e9tions une [...]\t\t\t\t\t<\/p>\n\t\t\t\t\t                    \n\t\t\t\t\t\n\t\t\t\t\t\n\t\t\t\t\t<\/div><!-- .box-text-inner -->\n\t\t\t\t\t<\/div><!-- .box-text -->\n\t\t\t\t\t\t\t\t\t\t\t\t\t\t\t\t<div class=\"badge absolute top post-date badge-circle\">\n\t\t\t\t\t\t\t<div class=\"badge-inner\">\n\t\t\t\t\t\t\t\t<span class=\"post-date-day\">21<\/span><br>\n\t\t\t\t\t\t\t\t<span class=\"post-date-month is-xsmall\">Avr<\/span>\n\t\t\t\t\t\t\t<\/div>\n\t\t\t\t\t\t<\/div>\n\t\t\t\t\t\t\t\t\t<\/div><!-- .box -->\n\t\t\t\t<\/a><!-- .link -->\n\t\t\t<\/div><!-- .col-inner -->\n\t\t<\/div><!-- .col -->\n\t\t<div class=\"col post-item\" >\n\t\t\t<div class=\"col-inner\">\n\t\t\t<a href=\"https:\/\/www.sakti.nc\/?p=645\" class=\"plain\">\n\t\t\t\t<div class=\"box box-vertical box-text-bottom box-blog-post has-hover\">\n            \t\t\t\t\t<div class=\"box-image\" style=\"width:40%;\">\n  \t\t\t\t\t\t<div class=\"image-cover\" style=\"padding-top:223px;\">\n  \t\t\t\t\t\t\t<img width=\"300\" height=\"300\" src=\"https:\/\/www.sakti.nc\/wp-content\/uploads\/2022\/02\/Ergo-300x300.jpg\" class=\"attachment-medium size-medium wp-post-image\" alt=\"Travail en confort\" loading=\"lazy\" srcset=\"https:\/\/www.sakti.nc\/wp-content\/uploads\/2022\/02\/Ergo-300x300.jpg 300w, https:\/\/www.sakti.nc\/wp-content\/uploads\/2022\/02\/Ergo-1024x1024.jpg 1024w, https:\/\/www.sakti.nc\/wp-content\/uploads\/2022\/02\/Ergo-150x150.jpg 150w, https:\/\/www.sakti.nc\/wp-content\/uploads\/2022\/02\/Ergo-768x768.jpg 768w, https:\/\/www.sakti.nc\/wp-content\/uploads\/2022\/02\/Ergo-1536x1536.jpg 1536w, https:\/\/www.sakti.nc\/wp-content\/uploads\/2022\/02\/Ergo.jpg 2048w\" sizes=\"(max-width: 300px) 100vw, 300px\" \/>  \t\t\t\t\t\t\t  \t\t\t\t\t\t\t  \t\t\t\t\t\t<\/div>\n  \t\t\t\t\t\t  \t\t\t\t\t<\/div><!-- .box-image -->\n          \t\t\t\t\t<div class=\"box-text text-left\" style=\"background-color:rgb(255, 255, 255);\">\n\t\t\t\t\t<div class=\"box-text-inner blog-post-inner\">\n\n\t\t\t\t\t\n\t\t\t\t\t\t\t\t\t\t<h5 class=\"post-title is-large \">Et l&rsquo;ergonomie, on en parle ?<\/h5>\n\t\t\t\t\t\t\t\t\t\t<div class=\"is-divider\"><\/div>\n\t\t\t\t\t\t\t\t\t\t<p class=\"from_the_blog_excerpt \">En vrai, ce sont mes cervicales qui m\u2019en ont parl\u00e9&nbsp;! J\u2019avoue que, depuis que j\u2019ai [...]\t\t\t\t\t<\/p>\n\t\t\t\t\t                    \n\t\t\t\t\t\n\t\t\t\t\t\n\t\t\t\t\t<\/div><!-- .box-text-inner -->\n\t\t\t\t\t<\/div><!-- .box-text -->\n\t\t\t\t\t\t\t\t\t\t\t\t\t\t\t\t<div class=\"badge absolute top post-date badge-circle\">\n\t\t\t\t\t\t\t<div class=\"badge-inner\">\n\t\t\t\t\t\t\t\t<span class=\"post-date-day\">28<\/span><br>\n\t\t\t\t\t\t\t\t<span class=\"post-date-month is-xsmall\">F\u00e9v<\/span>\n\t\t\t\t\t\t\t<\/div>\n\t\t\t\t\t\t<\/div>\n\t\t\t\t\t\t\t\t\t<\/div><!-- .box -->\n\t\t\t\t<\/a><!-- .link -->\n\t\t\t<\/div><!-- .col-inner -->\n\t\t<\/div><!-- .col -->\n\t\t<div class=\"col post-item\" >\n\t\t\t<div class=\"col-inner\">\n\t\t\t<a href=\"https:\/\/www.sakti.nc\/?p=631\" class=\"plain\">\n\t\t\t\t<div class=\"box box-vertical box-text-bottom box-blog-post has-hover\">\n            \t\t\t\t\t<div class=\"box-image\" style=\"width:40%;\">\n  \t\t\t\t\t\t<div class=\"image-cover\" style=\"padding-top:223px;\">\n  \t\t\t\t\t\t\t<img width=\"300\" height=\"200\" src=\"https:\/\/www.sakti.nc\/wp-content\/uploads\/2022\/01\/shutterstock_547008082-300x200.jpg\" class=\"attachment-medium size-medium wp-post-image\" alt=\"\" loading=\"lazy\" srcset=\"https:\/\/www.sakti.nc\/wp-content\/uploads\/2022\/01\/shutterstock_547008082-300x200.jpg 300w, https:\/\/www.sakti.nc\/wp-content\/uploads\/2022\/01\/shutterstock_547008082-768x511.jpg 768w, https:\/\/www.sakti.nc\/wp-content\/uploads\/2022\/01\/shutterstock_547008082.jpg 1000w\" sizes=\"(max-width: 300px) 100vw, 300px\" \/>  \t\t\t\t\t\t\t  \t\t\t\t\t\t\t  \t\t\t\t\t\t<\/div>\n  \t\t\t\t\t\t  \t\t\t\t\t<\/div><!-- .box-image -->\n          \t\t\t\t\t<div class=\"box-text text-left\" style=\"background-color:rgb(255, 255, 255);\">\n\t\t\t\t\t<div class=\"box-text-inner blog-post-inner\">\n\n\t\t\t\t\t\n\t\t\t\t\t\t\t\t\t\t<h5 class=\"post-title is-large \">Avez-vous d\u00e9j\u00e0 test\u00e9 un atelier de d\u00e9veloppement personnel ?<\/h5>\n\t\t\t\t\t\t\t\t\t\t<div class=\"is-divider\"><\/div>\n\t\t\t\t\t\t\t\t\t\t<p class=\"from_the_blog_excerpt \">Je m\u2019\u00e9tais lanc\u00e9 un challenge pour ce mois de janvier&nbsp;: r\u00e9aliser une vid\u00e9o expliquant les [...]\t\t\t\t\t<\/p>\n\t\t\t\t\t                    \n\t\t\t\t\t\n\t\t\t\t\t\n\t\t\t\t\t<\/div><!-- .box-text-inner -->\n\t\t\t\t\t<\/div><!-- .box-text -->\n\t\t\t\t\t\t\t\t\t\t\t\t\t\t\t\t<div class=\"badge absolute top post-date badge-circle\">\n\t\t\t\t\t\t\t<div class=\"badge-inner\">\n\t\t\t\t\t\t\t\t<span class=\"post-date-day\">31<\/span><br>\n\t\t\t\t\t\t\t\t<span class=\"post-date-month is-xsmall\">Jan<\/span>\n\t\t\t\t\t\t\t<\/div>\n\t\t\t\t\t\t<\/div>\n\t\t\t\t\t\t\t\t\t<\/div><!-- .box -->\n\t\t\t\t<\/a><!-- .link -->\n\t\t\t<\/div><!-- .col-inner -->\n\t\t<\/div><!-- .col -->\n\t\t<div class=\"col post-item\" >\n\t\t\t<div class=\"col-inner\">\n\t\t\t<a href=\"https:\/\/www.sakti.nc\/?p=616\" class=\"plain\">\n\t\t\t\t<div class=\"box box-vertical box-text-bottom box-blog-post has-hover\">\n            \t\t\t\t\t<div class=\"box-image\" style=\"width:40%;\">\n  \t\t\t\t\t\t<div class=\"image-cover\" style=\"padding-top:223px;\">\n  \t\t\t\t\t\t\t<img width=\"300\" height=\"251\" src=\"https:\/\/www.sakti.nc\/wp-content\/uploads\/2021\/10\/shutterstock_163180895-300x251.jpg\" class=\"attachment-medium size-medium wp-post-image\" alt=\"\" loading=\"lazy\" srcset=\"https:\/\/www.sakti.nc\/wp-content\/uploads\/2021\/10\/shutterstock_163180895-300x251.jpg 300w, https:\/\/www.sakti.nc\/wp-content\/uploads\/2021\/10\/shutterstock_163180895-768x642.jpg 768w, https:\/\/www.sakti.nc\/wp-content\/uploads\/2021\/10\/shutterstock_163180895.jpg 1000w\" sizes=\"(max-width: 300px) 100vw, 300px\" \/>  \t\t\t\t\t\t\t  \t\t\t\t\t\t\t  \t\t\t\t\t\t<\/div>\n  \t\t\t\t\t\t  \t\t\t\t\t<\/div><!-- .box-image -->\n          \t\t\t\t\t<div class=\"box-text text-left\" style=\"background-color:rgb(255, 255, 255);\">\n\t\t\t\t\t<div class=\"box-text-inner blog-post-inner\">\n\n\t\t\t\t\t\n\t\t\t\t\t\t\t\t\t\t<h5 class=\"post-title is-large \">Egalit\u00e9, diversit\u00e9 &#038; inclusion !<\/h5>\n\t\t\t\t\t\t\t\t\t\t<div class=\"is-divider\"><\/div>\n\t\t\t\t\t\t\t\t\t\t<p class=\"from_the_blog_excerpt \">En d\u00e9but d\u2019ann\u00e9e, le CDS et le CESE ont rendus leurs avis sur l&rsquo;avant projet [...]\t\t\t\t\t<\/p>\n\t\t\t\t\t                    \n\t\t\t\t\t\n\t\t\t\t\t\n\t\t\t\t\t<\/div><!-- .box-text-inner -->\n\t\t\t\t\t<\/div><!-- .box-text -->\n\t\t\t\t\t\t\t\t\t\t\t\t\t\t\t\t<div class=\"badge absolute top post-date badge-circle\">\n\t\t\t\t\t\t\t<div class=\"badge-inner\">\n\t\t\t\t\t\t\t\t<span class=\"post-date-day\">15<\/span><br>\n\t\t\t\t\t\t\t\t<span class=\"post-date-month is-xsmall\">Oct<\/span>\n\t\t\t\t\t\t\t<\/div>\n\t\t\t\t\t\t<\/div>\n\t\t\t\t\t\t\t\t\t<\/div><!-- .box -->\n\t\t\t\t<\/a><!-- .link -->\n\t\t\t<\/div><!-- .col-inner -->\n\t\t<\/div><!-- .col -->\n\t\t<div class=\"col post-item\" >\n\t\t\t<div class=\"col-inner\">\n\t\t\t<a href=\"https:\/\/www.sakti.nc\/?p=609\" class=\"plain\">\n\t\t\t\t<div class=\"box box-vertical box-text-bottom box-blog-post has-hover\">\n            \t\t\t\t\t<div class=\"box-image\" style=\"width:40%;\">\n  \t\t\t\t\t\t<div class=\"image-cover\" style=\"padding-top:223px;\">\n  \t\t\t\t\t\t\t<img width=\"300\" height=\"205\" src=\"https:\/\/www.sakti.nc\/wp-content\/uploads\/2021\/09\/shutterstock_594887747-300x205.jpg\" class=\"attachment-medium size-medium wp-post-image\" alt=\"\" loading=\"lazy\" srcset=\"https:\/\/www.sakti.nc\/wp-content\/uploads\/2021\/09\/shutterstock_594887747-300x205.jpg 300w, https:\/\/www.sakti.nc\/wp-content\/uploads\/2021\/09\/shutterstock_594887747-768x525.jpg 768w, https:\/\/www.sakti.nc\/wp-content\/uploads\/2021\/09\/shutterstock_594887747.jpg 1000w\" sizes=\"(max-width: 300px) 100vw, 300px\" \/>  \t\t\t\t\t\t\t  \t\t\t\t\t\t\t  \t\t\t\t\t\t<\/div>\n  \t\t\t\t\t\t  \t\t\t\t\t<\/div><!-- .box-image -->\n          \t\t\t\t\t<div class=\"box-text text-left\" style=\"background-color:rgb(255, 255, 255);\">\n\t\t\t\t\t<div class=\"box-text-inner blog-post-inner\">\n\n\t\t\t\t\t\n\t\t\t\t\t\t\t\t\t\t<h5 class=\"post-title is-large \">Deux challenges pour vous !<\/h5>\n\t\t\t\t\t\t\t\t\t\t<div class=\"is-divider\"><\/div>\n\t\t\t\t\t\t\t\t\t\t<p class=\"from_the_blog_excerpt \">En mars je vous invitais \u00e0 vous ressourcer \u00e0 ou trouver de l&rsquo;inspiration dans des [...]\t\t\t\t\t<\/p>\n\t\t\t\t\t                    \n\t\t\t\t\t\n\t\t\t\t\t\n\t\t\t\t\t<\/div><!-- .box-text-inner -->\n\t\t\t\t\t<\/div><!-- .box-text -->\n\t\t\t\t\t\t\t\t\t\t\t\t\t\t\t\t<div class=\"badge absolute top post-date badge-circle\">\n\t\t\t\t\t\t\t<div class=\"badge-inner\">\n\t\t\t\t\t\t\t\t<span class=\"post-date-day\">07<\/span><br>\n\t\t\t\t\t\t\t\t<span class=\"post-date-month is-xsmall\">Sep<\/span>\n\t\t\t\t\t\t\t<\/div>\n\t\t\t\t\t\t<\/div>\n\t\t\t\t\t\t\t\t\t<\/div><!-- .box -->\n\t\t\t\t<\/a><!-- .link -->\n\t\t\t<\/div><!-- .col-inner -->\n\t\t<\/div><!-- .col -->\n\t\t<div class=\"col post-item\" >\n\t\t\t<div class=\"col-inner\">\n\t\t\t<a href=\"https:\/\/www.sakti.nc\/?p=571\" class=\"plain\">\n\t\t\t\t<div class=\"box box-vertical box-text-bottom box-blog-post has-hover\">\n            \t\t\t\t\t<div class=\"box-image\" style=\"width:40%;\">\n  \t\t\t\t\t\t<div class=\"image-cover\" style=\"padding-top:223px;\">\n  \t\t\t\t\t\t\t<img width=\"300\" height=\"200\" src=\"https:\/\/www.sakti.nc\/wp-content\/uploads\/2021\/03\/shutterstock_552164044-300x200.jpg\" class=\"attachment-medium size-medium wp-post-image\" alt=\"\" loading=\"lazy\" srcset=\"https:\/\/www.sakti.nc\/wp-content\/uploads\/2021\/03\/shutterstock_552164044-300x200.jpg 300w, https:\/\/www.sakti.nc\/wp-content\/uploads\/2021\/03\/shutterstock_552164044-768x512.jpg 768w, https:\/\/www.sakti.nc\/wp-content\/uploads\/2021\/03\/shutterstock_552164044.jpg 1000w\" sizes=\"(max-width: 300px) 100vw, 300px\" \/>  \t\t\t\t\t\t\t  \t\t\t\t\t\t\t  \t\t\t\t\t\t<\/div>\n  \t\t\t\t\t\t  \t\t\t\t\t<\/div><!-- .box-image -->\n          \t\t\t\t\t<div class=\"box-text text-left\" style=\"background-color:rgb(255, 255, 255);\">\n\t\t\t\t\t<div class=\"box-text-inner blog-post-inner\">\n\n\t\t\t\t\t\n\t\t\t\t\t\t\t\t\t\t<h5 class=\"post-title is-large \">Vers de nouveaux rituels&#8230;<\/h5>\n\t\t\t\t\t\t\t\t\t\t<div class=\"is-divider\"><\/div>\n\t\t\t\t\t\t\t\t\t\t<p class=\"from_the_blog_excerpt \">Aujourd&rsquo;hui, j&rsquo;ai juste envie de vous partager quelques uns de mes rituels ; parce que [...]\t\t\t\t\t<\/p>\n\t\t\t\t\t                                            <p class=\"from_the_blog_comments uppercase is-xsmall\">\n                            1 Comment                        <\/p>\n                    \n\t\t\t\t\t\n\t\t\t\t\t\n\t\t\t\t\t<\/div><!-- .box-text-inner -->\n\t\t\t\t\t<\/div><!-- .box-text -->\n\t\t\t\t\t\t\t\t\t\t\t\t\t\t\t\t<div class=\"badge absolute top post-date badge-circle\">\n\t\t\t\t\t\t\t<div class=\"badge-inner\">\n\t\t\t\t\t\t\t\t<span class=\"post-date-day\">15<\/span><br>\n\t\t\t\t\t\t\t\t<span class=\"post-date-month is-xsmall\">Mar<\/span>\n\t\t\t\t\t\t\t<\/div>\n\t\t\t\t\t\t<\/div>\n\t\t\t\t\t\t\t\t\t<\/div><!-- .box -->\n\t\t\t\t<\/a><!-- .link -->\n\t\t\t<\/div><!-- .col-inner -->\n\t\t<\/div><!-- .col -->\n<\/div>\n\n\n<\/div><\/div>\n\n\n<style scope=\"scope\">\n\n#row-1521529020 > .col > .col-inner {\n  padding: 1px 0px 0px 0px;\n}\n<\/style>\n<\/div>\n<div class=\"row\"  id=\"row-1384162683\">\n\n<div class=\"col small-12 large-12\"  ><div class=\"col-inner text-right\"  >\n\n<p><a href=\"https:\/\/www.sakti.nc\/?page_id=273\">Mentions l\u00e9gales &amp; Politique de confidentialit\u00e9<\/a><\/p>\n\n<\/div><\/div>\n\n<\/div>\n\n\t\t<\/div><!-- .section-content -->\n\n\t\t\n<style scope=\"scope\">\n\n#section_753144924 {\n  padding-top: 43px;\n  padding-bottom: 43px;\n  min-height: 276px;\n  background-color: rgb(241, 241, 241);\n}\n<\/style>\n\t<\/section>\n\t\n\n","protected":false},"excerpt":{"rendered":"","protected":false},"author":1,"featured_media":0,"parent":0,"menu_order":0,"comment_status":"closed","ping_status":"closed","template":"page-blank.php","meta":[],"_links":{"self":[{"href":"https:\/\/www.sakti.nc\/index.php?rest_route=\/wp\/v2\/pages\/19"}],"collection":[{"href":"https:\/\/www.sakti.nc\/index.php?rest_route=\/wp\/v2\/pages"}],"about":[{"href":"https:\/\/www.sakti.nc\/index.php?rest_route=\/wp\/v2\/types\/page"}],"author":[{"embeddable":true,"href":"https:\/\/www.sakti.nc\/index.php?rest_route=\/wp\/v2\/users\/1"}],"replies":[{"embeddable":true,"href":"https:\/\/www.sakti.nc\/index.php?rest_route=%2Fwp%2Fv2%2Fcomments&post=19"}],"version-history":[{"count":31,"href":"https:\/\/www.sakti.nc\/index.php?rest_route=\/wp\/v2\/pages\/19\/revisions"}],"predecessor-version":[{"id":676,"href":"https:\/\/www.sakti.nc\/index.php?rest_route=\/wp\/v2\/pages\/19\/revisions\/676"}],"wp:attachment":[{"href":"https:\/\/www.sakti.nc\/index.php?rest_route=%2Fwp%2Fv2%2Fmedia&parent=19"}],"curies":[{"name":"wp","href":"https:\/\/api.w.org\/{rel}","templated":true}]}}