{"id":273,"date":"2019-02-08T03:01:28","date_gmt":"2019-02-08T03:01:28","guid":{"rendered":"http:\/\/sakti.octo.nc\/?page_id=273"},"modified":"2022-04-30T05:54:15","modified_gmt":"2022-04-30T05:54:15","slug":"mentions-legales","status":"publish","type":"page","link":"https:\/\/www.sakti.nc\/?page_id=273","title":{"rendered":"Mentions l\u00e9gales &#038; politique de confidentialit\u00e9"},"content":{"rendered":"\n\n  <div class=\"banner has-hover\" id=\"banner-1360887825\">\n          <div class=\"banner-inner fill\">\n        <div class=\"banner-bg fill\" >\n            <div class=\"bg fill bg-fill \"><\/div>\n                                    \n                    <\/div><!-- bg-layers -->\n        <div class=\"banner-layers container\">\n            <div class=\"fill banner-link\"><\/div>            \n\n   <div id=\"text-box-1094035720\" class=\"text-box banner-layer text-box-circle x20 md-x20 lg-x20 y50 md-y50 lg-y50 res-text\">\n              <div data-parallax=\"-3\" data-parallax-fade=\"true\">                  <div class=\"text \">\n              \n              <div class=\"text-inner text-left\">\n                  \n\n<h3 style=\"text-align: center;\"><strong>Mentions l\u00e9gales :<\/strong><\/h3>\n<p style=\"text-align: left; padding-left: 60px;\">SAKTI NC : entreprise unipersonnelle dont le si\u00e8ge <br \/>est situ\u00e9 \u00e0 Dumb\u00e9a,\u00a0immatricul\u00e9e au RIDET <br \/>sous le num\u00e9ro 1 407 550.001 (code APE 70.22Z)<br \/>Cr\u00e9ation du site par S\u00e9verine Abdelkader, g\u00e9rante <br \/>(directrice de publication et responsable du traitement des donn\u00e9es collect\u00e9es) <br \/>sous la supervision experte de <a href=\"https:\/\/www.moncoachwebmarketing.nc\/\">Mon Coach Web Marketing<\/a>\u00a0<br \/>H\u00e9bergement du site assur\u00e9 par <a href=\"https:\/\/www.facebook.com\/Octopus-635758100117084\/\">Octopus SARL<\/a><\/p>\n<p style=\"padding-left: 60px;\">Contact t\u00e9l\u00e9phonique : +687 77.78.87<\/p>\n<p style=\"padding-left: 60px;\">Adresse postale : BP 4857 &#8211; 98847 Noum\u00e9a<br \/>Nouvelle Cal\u00e9donie<\/p>\n\n              <\/div>\n           <\/div><!-- text-box-inner -->\n              <\/div>              \n<style scope=\"scope\">\n\n#text-box-1094035720 .text {\n  background-color: rgb(207, 172, 172);\n  font-size: 100%;\n}\n#text-box-1094035720 {\n  width: 94%;\n}\n\n\n@media (min-width:550px) {\n\n  #text-box-1094035720 {\n    width: 52%;\n  }\n  #text-box-1094035720 .text {\n    font-size: 88%;\n  }\n\n}\n\n\n@media (min-width:850px) {\n\n  #text-box-1094035720 {\n    width: 41%;\n  }\n\n}\n<\/style>\n    <\/div><!-- text-box -->\n \n\n        <\/div><!-- .banner-layers -->\n      <\/div><!-- .banner-inner -->\n\n            \n<style scope=\"scope\">\n\n#banner-1360887825 {\n  padding-top: 500px;\n}\n#banner-1360887825 .bg.bg-loaded {\n  background-image: url(https:\/\/www.sakti.nc\/wp-content\/uploads\/2019\/01\/shutterstock_553833049-1.jpg);\n}\n<\/style>\n  <\/div><!-- .banner -->\n\n\n<div class=\"row row-collapse row-full-width\"  id=\"row-545025729\">\n\n<div class=\"col medium-6 large-6\"  ><div class=\"col-inner\"  >\n\n<a rel=\"noopener noreferrer\" href=\"https:\/\/www.sakti.nc\/?page_id=668\" target=\"_blank\" class=\"button primary is-gloss is-smaller box-shadow-3 box-shadow-4-hover lowercase expand\"  style=\"border-radius:69px;\">\n    <span>Mentions l\u00e9gales... la suite...<\/span>\n  <\/a>\n\n\n\n<\/div><\/div>\n<div class=\"col medium-6 large-6\"  ><div class=\"col-inner\"  >\n\n<a rel=\"noopener noreferrer\" href=\"https:\/\/www.sakti.nc\/?page_id=671\" target=\"_blank\" class=\"button primary is-gloss is-smaller box-shadow-3 box-shadow-4-hover lowercase expand\"  style=\"border-radius:47px;\">\n    <span>Politique de confidentialit\u00e9<\/span>\n  <\/a>\n\n\n\n<\/div><\/div>\n\n\n<style scope=\"scope\">\n\n<\/style>\n<\/div>\n\n","protected":false},"excerpt":{"rendered":"","protected":false},"author":1,"featured_media":0,"parent":19,"menu_order":0,"comment_status":"closed","ping_status":"closed","template":"","meta":[],"_links":{"self":[{"href":"https:\/\/www.sakti.nc\/index.php?rest_route=\/wp\/v2\/pages\/273"}],"collection":[{"href":"https:\/\/www.sakti.nc\/index.php?rest_route=\/wp\/v2\/pages"}],"about":[{"href":"https:\/\/www.sakti.nc\/index.php?rest_route=\/wp\/v2\/types\/page"}],"author":[{"embeddable":true,"href":"https:\/\/www.sakti.nc\/index.php?rest_route=\/wp\/v2\/users\/1"}],"replies":[{"embeddable":true,"href":"https:\/\/www.sakti.nc\/index.php?rest_route=%2Fwp%2Fv2%2Fcomments&post=273"}],"version-history":[{"count":13,"href":"https:\/\/www.sakti.nc\/index.php?rest_route=\/wp\/v2\/pages\/273\/revisions"}],"predecessor-version":[{"id":675,"href":"https:\/\/www.sakti.nc\/index.php?rest_route=\/wp\/v2\/pages\/273\/revisions\/675"}],"up":[{"embeddable":true,"href":"https:\/\/www.sakti.nc\/index.php?rest_route=\/wp\/v2\/pages\/19"}],"wp:attachment":[{"href":"https:\/\/www.sakti.nc\/index.php?rest_route=%2Fwp%2Fv2%2Fmedia&parent=273"}],"curies":[{"name":"wp","href":"https:\/\/api.w.org\/{rel}","templated":true}]}}