{"id":304,"date":"2019-02-08T10:30:35","date_gmt":"2019-02-08T10:30:35","guid":{"rendered":"http:\/\/sakti.octo.nc\/?page_id=304"},"modified":"2019-02-08T10:31:22","modified_gmt":"2019-02-08T10:31:22","slug":"allegorie","status":"publish","type":"page","link":"https:\/\/www.sakti.nc\/?page_id=304","title":{"rendered":"All\u00e9gorie"},"content":{"rendered":"\n\n  <div class=\"banner has-hover\" id=\"banner-2063281521\">\n          <div class=\"banner-inner fill\">\n        <div class=\"banner-bg fill\" >\n            <div class=\"bg fill bg-fill \"><\/div>\n                        <div class=\"overlay\"><\/div>            \n                    <\/div><!-- bg-layers -->\n        <div class=\"banner-layers container\">\n            <div class=\"fill banner-link\"><\/div>            \n\n   <div id=\"text-box-1780297406\" class=\"text-box banner-layer x95 md-x95 lg-x95 y50 md-y50 lg-y50 res-text\">\n                                <div class=\"text box-shadow-3\">\n              \n              <div class=\"text-inner text-left\">\n                  \n\n<h3><strong>Connaissez-vous l\u2019histoire des 3 tailleurs de pierre ?<\/strong><\/h3>\n<p>Il \u00e9tait une fois, trois hommes qui taillaient des pierres avec les m\u00eames outils, au m\u00eame endroit et au m\u00eame rythme\u2026<br>Le premier travaillait presque m\u00e9caniquement, avec un air sombre et fatigu\u00e9. Quand on lui demanda ce qu\u2019il \u00e9tait en train de faire, il r\u00e9pondit \u00e9tonn\u00e9 : \u00ab Je taille une pierre ! \u00c7a ne se voit pas ?\u00bb.<br>Non loin de lui, le second effectuait m\u00e9thodiquement son travail. <br>A la m\u00eame demande, il expliqua calmement : \u00ab Je taille une pierre pour construire un mur. \u00bb.<br>Un peu plus loin, le troisi\u00e8me travaillait sa mati\u00e8re premi\u00e8re avec respect et d\u00e9licatesse. Il semblait heureux et nulle trace de fatigue ne se lisait sur son visage alors qu&rsquo;il travaillait avec les m\u00eames outils et la m\u00eame technique que les deux autres.&nbsp;Et lorsqu\u2019on lui demanda ce qu\u2019il faisait, il r\u00e9pondit avec enthousiasme :&nbsp;\u00ab Moi ? Je construis une cath\u00e9drale\u2026 \u00bb.<\/p>\n<p>Le premier est triste parce qu\u2019il se focalise sur sa t\u00e2che de mani\u00e8re m\u00e9canique ; le second l\u2019est un peu moins car il a un d\u00e9but de vision d\u2019ensemble. Seul le troisi\u00e8me est heureux car il est motiv\u00e9, engag\u00e9 dans sa t\u00e2che ; il est fier de son travail et a le sentiment de participer \u00e0 une \u0153uvre qui le transcende. Du coup, il d\u00e9gage une \u00e9nergie que les deux premiers n\u2019ont pas.<\/p>\n<h5>Cette all\u00e9gorie montre l\u2019importance de donner du sens \u00e0 son travail qui peut rendre heureux, m\u00eame s\u2019il est difficile et fatiguant.<\/h5>\n\n              <\/div>\n           <\/div><!-- text-box-inner -->\n                            \n<style scope=\"scope\">\n\n#text-box-1780297406 .text {\n  background-color: rgba(255, 255, 255, 0.86);\n  font-size: 94%;\n}\n#text-box-1780297406 .text-inner {\n  padding: 5px 10px 5px 10px;\n}\n#text-box-1780297406 {\n  width: 60%;\n}\n\n\n@media (min-width:550px) {\n\n  #text-box-1780297406 {\n    width: 87%;\n  }\n\n}\n<\/style>\n    <\/div><!-- text-box -->\n \n\n        <\/div><!-- .banner-layers -->\n      <\/div><!-- .banner-inner -->\n\n            \n<style scope=\"scope\">\n\n#banner-2063281521 {\n  padding-top: 650px;\n}\n#banner-2063281521 .bg.bg-loaded {\n  background-image: url(https:\/\/www.sakti.nc\/wp-content\/uploads\/2019\/01\/shutterstock_1251744982-1024x768.jpg);\n}\n#banner-2063281521 .overlay {\n  background-color: rgba(0, 0, 0, 0.2);\n}\n<\/style>\n  <\/div><!-- .banner -->\n\n\n","protected":false},"excerpt":{"rendered":"","protected":false},"author":1,"featured_media":0,"parent":33,"menu_order":0,"comment_status":"closed","ping_status":"closed","template":"page-transparent-header-light.php","meta":[],"_links":{"self":[{"href":"https:\/\/www.sakti.nc\/index.php?rest_route=\/wp\/v2\/pages\/304"}],"collection":[{"href":"https:\/\/www.sakti.nc\/index.php?rest_route=\/wp\/v2\/pages"}],"about":[{"href":"https:\/\/www.sakti.nc\/index.php?rest_route=\/wp\/v2\/types\/page"}],"author":[{"embeddable":true,"href":"https:\/\/www.sakti.nc\/index.php?rest_route=\/wp\/v2\/users\/1"}],"replies":[{"embeddable":true,"href":"https:\/\/www.sakti.nc\/index.php?rest_route=%2Fwp%2Fv2%2Fcomments&post=304"}],"version-history":[{"count":3,"href":"https:\/\/www.sakti.nc\/index.php?rest_route=\/wp\/v2\/pages\/304\/revisions"}],"predecessor-version":[{"id":307,"href":"https:\/\/www.sakti.nc\/index.php?rest_route=\/wp\/v2\/pages\/304\/revisions\/307"}],"up":[{"embeddable":true,"href":"https:\/\/www.sakti.nc\/index.php?rest_route=\/wp\/v2\/pages\/33"}],"wp:attachment":[{"href":"https:\/\/www.sakti.nc\/index.php?rest_route=%2Fwp%2Fv2%2Fmedia&parent=304"}],"curies":[{"name":"wp","href":"https:\/\/api.w.org\/{rel}","templated":true}]}}