{"id":430,"date":"2019-09-12T03:35:26","date_gmt":"2019-09-12T03:35:26","guid":{"rendered":"https:\/\/sakti.nc\/?page_id=430"},"modified":"2023-01-03T06:37:51","modified_gmt":"2023-01-03T06:37:51","slug":"coaching","status":"publish","type":"page","link":"https:\/\/www.sakti.nc\/?page_id=430","title":{"rendered":"Coaching"},"content":{"rendered":"\n\t<section class=\"section\" id=\"section_944782029\">\n\t\t<div class=\"bg section-bg fill bg-fill  bg-loaded\" >\n\n\t\t\t\n\t\t\t\n\t\t\t\n\n\t\t<\/div><!-- .section-bg -->\n\n\t\t<div class=\"section-content relative\">\n\t\t\t\n\n<h2 style=\"text-align: center;\">Le coaching, qu&rsquo;est-ce que c&rsquo;est ?<\/h2>\n\n\t\t<\/div><!-- .section-content -->\n\n\t\t\n<style scope=\"scope\">\n\n#section_944782029 {\n  padding-top: 30px;\n  padding-bottom: 30px;\n}\n<\/style>\n\t<\/section>\n\t\n  <div class=\"banner-grid-wrapper\">\n  <div id=\"banner-grid-1027720463\" class=\"banner-grid row row-grid row-xsmall\" data-packery-options=\"\">\n                      \n\n<div class=\"col grid-col large-5 grid-col-1-3\" ><div class=\"col-inner\">\n\n\n  <div class=\"banner has-hover\" id=\"banner-2089923791\">\n          <div class=\"banner-inner fill\">\n        <div class=\"banner-bg fill\" >\n            <div class=\"bg fill bg-fill \"><\/div>\n                        <div class=\"overlay\"><\/div>            \n                    <\/div><!-- bg-layers -->\n        <div class=\"banner-layers container\">\n            <div class=\"fill banner-link\"><\/div>            \n\n   <div id=\"text-box-182097528\" class=\"text-box banner-layer x95 md-x95 lg-x95 y50 md-y50 lg-y50 res-text\">\n                                <div class=\"text \">\n              \n              <div class=\"text-inner text-right\">\n                  \n\n<h3>Un accompagnement, \u00e0 votre rythme<\/h3>\n<p><span style=\"font-size: 150%;\">En face \u00e0 face et en toute confidentialit\u00e9, le coach aide le \u00ab\u00a0coach\u00e9\u00a0\u00bb \u00e0 clarifier un objectif et va cr\u00e9er du lien entre une situation de d\u00e9part et une situation souhait\u00e9e.<\/span><\/p>\n<p><strong><span style=\"font-size: 150%;\">Le coaching est un v\u00e9hicule. Vous connaissez la destination !<\/span><\/strong><\/p>\n\n              <\/div>\n           <\/div><!-- text-box-inner -->\n                            \n<style scope=\"scope\">\n\n#text-box-182097528 {\n  width: 60%;\n}\n#text-box-182097528 .text {\n  font-size: 100%;\n}\n\n\n@media (min-width:550px) {\n\n  #text-box-182097528 {\n    width: 89%;\n  }\n\n}\n<\/style>\n    <\/div><!-- text-box -->\n \n\n        <\/div><!-- .banner-layers -->\n      <\/div><!-- .banner-inner -->\n\n            \n<style scope=\"scope\">\n\n#banner-2089923791 {\n  padding-top: 500px;\n  background-color: rgb(255, 255, 255);\n}\n#banner-2089923791 .overlay {\n  background-color: rgba(190, 190, 190, 0.2);\n}\n<\/style>\n  <\/div><!-- .banner -->\n\n\n\n<\/div><\/div>\n<div class=\"col grid-col large-7 grid-col-1\" ><div class=\"col-inner\">\n\n\t<div class=\"img has-hover x md-x lg-x y md-y lg-y\" id=\"image_811405279\">\n\t\t\t\t\t\t\t\t<div class=\"img-inner dark\" >\n\t\t\t<img width=\"1020\" height=\"681\" src=\"https:\/\/www.sakti.nc\/wp-content\/uploads\/2019\/09\/nathan-mcbride-9QjbejABFn8-unsplash-1024x684.jpg\" class=\"attachment-large size-large\" alt=\"\" loading=\"lazy\" srcset=\"https:\/\/www.sakti.nc\/wp-content\/uploads\/2019\/09\/nathan-mcbride-9QjbejABFn8-unsplash-1024x684.jpg 1024w, https:\/\/www.sakti.nc\/wp-content\/uploads\/2019\/09\/nathan-mcbride-9QjbejABFn8-unsplash-300x200.jpg 300w, https:\/\/www.sakti.nc\/wp-content\/uploads\/2019\/09\/nathan-mcbride-9QjbejABFn8-unsplash-768x513.jpg 768w\" sizes=\"(max-width: 1020px) 100vw, 1020px\" \/>\t\t\t\t\t\t\n\t\t\t\t\t<\/div>\n\t\t\t\t\t\t\t\t\n<style scope=\"scope\">\n\n#image_811405279 {\n  width: 100%;\n}\n<\/style>\n\t<\/div>\n\t\n\n\n<\/div><\/div>\n<div class=\"col grid-col large-5 grid-col-1-3\" ><div class=\"col-inner\">\n\n\n  <div class=\"banner has-hover\" id=\"banner-306671279\">\n          <div class=\"banner-inner fill\">\n        <div class=\"banner-bg fill\" >\n            <div class=\"bg fill bg-fill \"><\/div>\n                        <div class=\"overlay\"><\/div>            \n                    <\/div><!-- bg-layers -->\n        <div class=\"banner-layers container\">\n            <div class=\"fill banner-link\"><\/div>            \n\n   <div id=\"text-box-794841488\" class=\"text-box banner-layer x95 md-x95 lg-x95 y50 md-y50 lg-y50 res-text\">\n                                <div class=\"text \">\n              \n              <div class=\"text-inner text-right\">\n                  \n\n<h3>Un miroir, bienveillant<\/h3>\n<p><span style=\"font-size: 150%;\">Pour favoriser l&rsquo;expression du coach\u00e9, les deux principaux outils du coach sont l&rsquo;<strong>\u00e9coute<\/strong> et la <strong>reformulation<\/strong>, dans un climat de confiance et de <strong>respect<\/strong>.<br \/><\/span><span style=\"font-size: 150%;\">A cela s&rsquo;ajoutent des outils vari\u00e9s pour faciliter les prises de conscience en abordant toujours la question du comment : \u00ab\u00a0comment changer, ici et maintenant\u00a0\u00bb.<\/span><\/p>\n\n              <\/div>\n           <\/div><!-- text-box-inner -->\n                            \n<style scope=\"scope\">\n\n#text-box-794841488 {\n  width: 60%;\n}\n#text-box-794841488 .text {\n  font-size: 100%;\n}\n\n\n@media (min-width:550px) {\n\n  #text-box-794841488 {\n    width: 89%;\n  }\n\n}\n<\/style>\n    <\/div><!-- text-box -->\n \n\n        <\/div><!-- .banner-layers -->\n      <\/div><!-- .banner-inner -->\n\n            \n<style scope=\"scope\">\n\n#banner-306671279 {\n  padding-top: 600px;\n  background-color: rgb(255, 255, 255);\n}\n#banner-306671279 .overlay {\n  background-color: rgba(190, 190, 190, 0.2);\n}\n<\/style>\n  <\/div><!-- .banner -->\n\n\n\n<\/div><\/div>\n<div class=\"col grid-col large-5 grid-col-1-3\" ><div class=\"col-inner\">\n\n\n  <div class=\"banner has-hover\" id=\"banner-1925196285\">\n          <div class=\"banner-inner fill\">\n        <div class=\"banner-bg fill\" >\n            <div class=\"bg fill bg-fill \"><\/div>\n                        <div class=\"overlay\"><\/div>            \n                    <\/div><!-- bg-layers -->\n        <div class=\"banner-layers container\">\n            <div class=\"fill banner-link\"><\/div>            \n\n   <div id=\"text-box-1098184899\" class=\"text-box banner-layer x95 md-x95 lg-x95 y50 md-y50 lg-y50 res-text\">\n                                <div class=\"text \">\n              \n              <div class=\"text-inner text-right\">\n                  \n\n<h3>Une impulsion vers l&rsquo;action<\/h3>\n<p><span style=\"font-size: 150%;\">Vous portez en vous toutes vos solutions et le coach vous invite \u00e0 mettre en pratique, un pas apr\u00e8s l&rsquo;autre, des actions nouvelles pour aller vers votre objectif, en toute autonomie.&nbsp;<\/span><\/p>\n<p><span style=\"font-size: 150%;\"><strong>\u00ab\u00a0La d\u00e9finition de la folie, c&rsquo;est de refaire toujours la m\u00eame chose, et d&rsquo;attendre des r\u00e9sultats diff\u00e9rents.\u00a0\u00bb &#8211; Albert Einstein<\/strong>&nbsp;<\/span><\/p>\n\n              <\/div>\n           <\/div><!-- text-box-inner -->\n                            \n<style scope=\"scope\">\n\n#text-box-1098184899 {\n  width: 60%;\n}\n#text-box-1098184899 .text {\n  font-size: 100%;\n}\n\n\n@media (min-width:550px) {\n\n  #text-box-1098184899 {\n    width: 89%;\n  }\n\n}\n<\/style>\n    <\/div><!-- text-box -->\n \n\n        <\/div><!-- .banner-layers -->\n      <\/div><!-- .banner-inner -->\n\n            \n<style scope=\"scope\">\n\n#banner-1925196285 {\n  padding-top: 500px;\n  background-color: rgb(255, 255, 255);\n}\n#banner-1925196285 .overlay {\n  background-color: rgba(190, 190, 190, 0.2);\n}\n<\/style>\n  <\/div><!-- .banner -->\n\n\n\n<\/div><\/div>\n\n            <\/div><!-- .banner-grid .row .grid -->\n    <style scope=\"scope\">\n    #banner-grid-1027720463 .grid-col-1{height: 496px}\n    #banner-grid-1027720463 .grid-col-1-2{height: 248px}\n    #banner-grid-1027720463 .grid-col-1-3{height:165.33333333333px}\n    #banner-grid-1027720463 .grid-col-2-3{height: 330.66666666667px}\n    #banner-grid-1027720463 .grid-col-1-4{height: 124px}\n    #banner-grid-1027720463 .grid-col-3-4{height: 372px}\n\n\n    \n    \n\n  <\/style>\n    <\/div><!-- .banner-grid-wrapper -->\n  \n\t<section class=\"section\" id=\"section_892789285\">\n\t\t<div class=\"bg section-bg fill bg-fill  bg-loaded\" >\n\n\t\t\t\n\t\t\t\n\t\t\t\n\n\t\t<\/div><!-- .section-bg -->\n\n\t\t<div class=\"section-content relative\">\n\t\t\t\n\n  <div class=\"banner-grid-wrapper\">\n  <div id=\"banner-grid-1281468908\" class=\"banner-grid row row-grid row-xsmall\" data-packery-options=\"\">\n                      \n\n<div class=\"col grid-col large-12 grid-col-1\" ><div class=\"col-inner\">\n\n\n  <div class=\"banner has-hover\" id=\"banner-731397974\">\n          <div class=\"banner-inner fill\">\n        <div class=\"banner-bg fill\" >\n            <div class=\"bg fill bg-fill \"><\/div>\n                        <div class=\"overlay\"><\/div>            \n                    <\/div><!-- bg-layers -->\n        <div class=\"banner-layers container\">\n            <div class=\"fill banner-link\"><\/div>            \n\n   <div id=\"text-box-1490841797\" class=\"text-box banner-layer x50 md-x50 lg-x50 y50 md-y50 lg-y50 res-text\">\n                                <div class=\"text dark\">\n              \n              <div class=\"text-inner text-center\">\n                  \n\n<h4><span style=\"font-size: 90%;\">Une s\u00e9ance dure entre 1 heure et 1h30. Alors parlons de vous d\u00e8s que possible !<\/span><\/h4>\n<a rel=\"noopener noreferrer\" href=\"https:\/\/www.sakti.nc\/?page_id=37\" target=\"_blank\" class=\"button white\"  style=\"border-radius:99px;\">\n    <span>Contactez moi<\/span>\n  <i class=\"icon-phone\" ><\/i><\/a>\n\n\n\n              <\/div>\n           <\/div><!-- text-box-inner -->\n                            \n<style scope=\"scope\">\n\n#text-box-1490841797 {\n  width: 99%;\n}\n#text-box-1490841797 .text {\n  font-size: 100%;\n}\n<\/style>\n    <\/div><!-- text-box -->\n \n\n        <\/div><!-- .banner-layers -->\n      <\/div><!-- .banner-inner -->\n\n            \n<style scope=\"scope\">\n\n#banner-731397974 {\n  padding-top: 199px;\n}\n#banner-731397974 .overlay {\n  background-color: rgba(0, 0, 0, 0.17);\n}\n<\/style>\n  <\/div><!-- .banner -->\n\n\n\n<\/div><\/div>\n\n            <\/div><!-- .banner-grid .row .grid -->\n    <style scope=\"scope\">\n    #banner-grid-1281468908 .grid-col-1{height: 131px}\n    #banner-grid-1281468908 .grid-col-1-2{height: 65.5px}\n    #banner-grid-1281468908 .grid-col-1-3{height:43.666666666667px}\n    #banner-grid-1281468908 .grid-col-2-3{height: 87.333333333333px}\n    #banner-grid-1281468908 .grid-col-1-4{height: 32.75px}\n    #banner-grid-1281468908 .grid-col-3-4{height: 98.25px}\n\n\n    \n    \n\n  <\/style>\n    <\/div><!-- .banner-grid-wrapper -->\n  \n\n\t\t<\/div><!-- .section-content -->\n\n\t\t\n<style scope=\"scope\">\n\n#section_892789285 {\n  padding-top: 5px;\n  padding-bottom: 5px;\n  margin-bottom: 0px;\n}\n<\/style>\n\t<\/section>\n\t\n<a rel=\"noopener noreferrer\" href=\"https:\/\/www.sakti.nc\/?page_id=689\" target=\"_blank\" class=\"button primary box-shadow-3 lowercase expand\"  style=\"border-radius:99px;\">\n    <span>Ou si vous pr\u00e9f\u00e9rez , testez un atelier en petit groupe...<\/span>\n  <\/a>\n\n\n\n\n","protected":false},"excerpt":{"rendered":"","protected":false},"author":1,"featured_media":0,"parent":678,"menu_order":0,"comment_status":"closed","ping_status":"closed","template":"","meta":[],"_links":{"self":[{"href":"https:\/\/www.sakti.nc\/index.php?rest_route=\/wp\/v2\/pages\/430"}],"collection":[{"href":"https:\/\/www.sakti.nc\/index.php?rest_route=\/wp\/v2\/pages"}],"about":[{"href":"https:\/\/www.sakti.nc\/index.php?rest_route=\/wp\/v2\/types\/page"}],"author":[{"embeddable":true,"href":"https:\/\/www.sakti.nc\/index.php?rest_route=\/wp\/v2\/users\/1"}],"replies":[{"embeddable":true,"href":"https:\/\/www.sakti.nc\/index.php?rest_route=%2Fwp%2Fv2%2Fcomments&post=430"}],"version-history":[{"count":26,"href":"https:\/\/www.sakti.nc\/index.php?rest_route=\/wp\/v2\/pages\/430\/revisions"}],"predecessor-version":[{"id":694,"href":"https:\/\/www.sakti.nc\/index.php?rest_route=\/wp\/v2\/pages\/430\/revisions\/694"}],"up":[{"embeddable":true,"href":"https:\/\/www.sakti.nc\/index.php?rest_route=\/wp\/v2\/pages\/678"}],"wp:attachment":[{"href":"https:\/\/www.sakti.nc\/index.php?rest_route=%2Fwp%2Fv2%2Fmedia&parent=430"}],"curies":[{"name":"wp","href":"https:\/\/api.w.org\/{rel}","templated":true}]}}