{"id":66,"date":"2019-01-21T23:23:44","date_gmt":"2019-01-21T23:23:44","guid":{"rendered":"http:\/\/sakti.octo.nc\/?page_id=66"},"modified":"2019-02-08T04:19:30","modified_gmt":"2019-02-08T04:19:30","slug":"sakti-nc","status":"publish","type":"page","link":"https:\/\/www.sakti.nc\/?page_id=66","title":{"rendered":"SAKTI NC ??"},"content":{"rendered":"\n  <div class=\"banner-grid-wrapper\">\n  <div id=\"banner-grid-12110840\" class=\"banner-grid row row-grid row-collapse\" data-packery-options=\"\">\n                      \n\n<div class=\"col grid-col small-4 large-2 grid-col-1-4\" ><div class=\"col-inner\">\n\n\t<div class=\"img has-hover x md-x lg-x y md-y lg-y\" id=\"image_1528027331\">\n\t\t\t\t\t\t\t\t<div class=\"img-inner dark\" >\n\t\t\t<img width=\"1020\" height=\"1020\" src=\"https:\/\/www.sakti.nc\/wp-content\/uploads\/2019\/01\/SHAKTI_transparent-1024x1024.png\" class=\"attachment-large size-large\" alt=\"\" loading=\"lazy\" srcset=\"https:\/\/www.sakti.nc\/wp-content\/uploads\/2019\/01\/SHAKTI_transparent-1024x1024.png 1024w, https:\/\/www.sakti.nc\/wp-content\/uploads\/2019\/01\/SHAKTI_transparent-150x150.png 150w, https:\/\/www.sakti.nc\/wp-content\/uploads\/2019\/01\/SHAKTI_transparent-300x300.png 300w, https:\/\/www.sakti.nc\/wp-content\/uploads\/2019\/01\/SHAKTI_transparent-768x768.png 768w, https:\/\/www.sakti.nc\/wp-content\/uploads\/2019\/01\/SHAKTI_transparent.png 1250w\" sizes=\"(max-width: 1020px) 100vw, 1020px\" \/>\t\t\t\t\t\t\n\t\t\t\t\t<\/div>\n\t\t\t\t\t\t\t\t\n<style scope=\"scope\">\n\n#image_1528027331 {\n  width: 100%;\n}\n<\/style>\n\t<\/div>\n\t\n\n\n<\/div><\/div>\n<div class=\"col grid-col small-8 large-7 grid-col-3-4\" ><div class=\"col-inner\">\n\n\n  <div class=\"banner has-hover\" id=\"banner-1782668642\">\n          <div class=\"banner-inner fill\">\n        <div class=\"banner-bg fill\" >\n            <div class=\"bg fill bg-fill \"><\/div>\n                        <div class=\"overlay\"><\/div>            \n                    <\/div><!-- bg-layers -->\n        <div class=\"banner-layers container\">\n            <div class=\"fill banner-link\"><\/div>            \n\n\n        <\/div><!-- .banner-layers -->\n      <\/div><!-- .banner-inner -->\n\n            \n<style scope=\"scope\">\n\n#banner-1782668642 {\n  padding-top: 500px;\n}\n#banner-1782668642 .bg.bg-loaded {\n  background-image: url(https:\/\/www.sakti.nc\/wp-content\/uploads\/2019\/01\/shutterstock_553833049-1-1024x406.jpg);\n}\n#banner-1782668642 .overlay {\n  background-color: rgba(0, 0, 0, 0.17);\n}\n<\/style>\n  <\/div><!-- .banner -->\n\n\n\n  <div class=\"banner has-hover\" id=\"banner-1588825737\">\n          <div class=\"banner-inner fill\">\n        <div class=\"banner-bg fill\" >\n            <div class=\"bg fill bg-fill \"><\/div>\n                        <div class=\"overlay\"><\/div>            \n                    <\/div><!-- bg-layers -->\n        <div class=\"banner-layers container\">\n            <div class=\"fill banner-link\"><\/div>            \n\n   <div id=\"text-box-730256320\" class=\"text-box banner-layer text-box-circle x50 md-x50 lg-x50 y50 md-y50 lg-y50 res-text\">\n                                <div class=\"text dark\">\n              \n              <div class=\"text-inner text-center\">\n                  \n\n<h4>SAKTI : l&rsquo;\u00e9nergie f\u00e9minine !<\/h4>\n<p>Dans l&rsquo;hindouisme, le mot Shakti\u00a0d\u00e9signe <br \/>l&rsquo;\u00e9nergie f\u00e9minine, cr\u00e9atrice, le principe actif <br \/>et ext\u00e9rioris\u00e9 d&rsquo;une divinit\u00e9 masculine. <br \/>C&rsquo;est un terme qui signifie \u00ab pouvoir \u00bb, \u00ab puissance \u00bb, \u00ab force \u00bb.<\/p>\n<p>S.A.K. ce sont aussi, depuis toujours, <br \/>mes initiales : S\u00e9verine AbdelKader&#8230; <br \/>Le pas \u00e9tait donc vite franchi pour <br \/>m&rsquo;approprier ce SAKTI <br \/>dont les deux derni\u00e8res lettres r\u00e9sonnent pour <br \/>Transformation et Intuition !<\/p>\n\n              <\/div>\n           <\/div><!-- text-box-inner -->\n                            \n<style scope=\"scope\">\n\n#text-box-730256320 .text {\n  background-color: rgb(202, 177, 111);\n  font-size: 83%;\n}\n#text-box-730256320 {\n  width: 100%;\n}\n\n\n@media (min-width:550px) {\n\n  #text-box-730256320 {\n    width: 72%;\n  }\n  #text-box-730256320 .text {\n    font-size: 122%;\n  }\n\n}\n\n\n@media (min-width:850px) {\n\n  #text-box-730256320 {\n    width: 78%;\n  }\n  #text-box-730256320 .text {\n    font-size: 150%;\n  }\n\n}\n<\/style>\n    <\/div><!-- text-box -->\n \n\n        <\/div><!-- .banner-layers -->\n      <\/div><!-- .banner-inner -->\n\n            \n<style scope=\"scope\">\n\n#banner-1588825737 {\n  padding-top: 600px;\n}\n#banner-1588825737 .bg.bg-loaded {\n  background-image: url(https:\/\/www.sakti.nc\/wp-content\/uploads\/2019\/01\/shutterstock_553833049-1-1024x406.jpg);\n}\n#banner-1588825737 .overlay {\n  background-color: rgba(0, 0, 0, 0.17);\n}\n<\/style>\n  <\/div><!-- .banner -->\n\n\n\n<\/div><\/div>\n<div class=\"col grid-col small-4 large-3 grid-col-1-2\" ><div class=\"col-inner\">\n\n\t<div class=\"img has-hover x md-x lg-x y md-y lg-y\" id=\"image_1116434677\">\n\t\t\t\t\t\t\t\t<div class=\"img-inner dark\" >\n\t\t\t<img width=\"336\" height=\"448\" src=\"https:\/\/www.sakti.nc\/wp-content\/uploads\/2019\/01\/shutterstock_1161752407.jpg\" class=\"attachment-large size-large\" alt=\"\" loading=\"lazy\" srcset=\"https:\/\/www.sakti.nc\/wp-content\/uploads\/2019\/01\/shutterstock_1161752407.jpg 336w, https:\/\/www.sakti.nc\/wp-content\/uploads\/2019\/01\/shutterstock_1161752407-225x300.jpg 225w\" sizes=\"(max-width: 336px) 100vw, 336px\" \/>\t\t\t\t\t\t\n\t\t\t\t\t<\/div>\n\t\t\t\t\t\t\t\t\n<style scope=\"scope\">\n\n#image_1116434677 {\n  width: 100%;\n}\n<\/style>\n\t<\/div>\n\t\n\n\n<\/div><\/div>\n\n            <\/div><!-- .banner-grid .row .grid -->\n    <style scope=\"scope\">\n    #banner-grid-12110840 .grid-col-1{height: 682px}\n    #banner-grid-12110840 .grid-col-1-2{height: 341px}\n    #banner-grid-12110840 .grid-col-1-3{height:227.33333333333px}\n    #banner-grid-12110840 .grid-col-2-3{height: 454.66666666667px}\n    #banner-grid-12110840 .grid-col-1-4{height: 170.5px}\n    #banner-grid-12110840 .grid-col-3-4{height: 511.5px}\n\n\n        \/* Tablet *\/\n    @media (max-width: 850px){\n      #banner-grid-12110840 .grid-col-1{height: 444px}\n      #banner-grid-12110840 .grid-col-1-2{height: 222px}\n      #banner-grid-12110840 .grid-col-1-3{height:148px}\n      #banner-grid-12110840 .grid-col-2-3{height: 296px}\n      #banner-grid-12110840 .grid-col-1-4{height: 111px}\n      #banner-grid-12110840 .grid-col-3-4{height: 333px}\n    }\n    \n    \n\n  <\/style>\n    <\/div><!-- .banner-grid-wrapper -->\n  \n\n","protected":false},"excerpt":{"rendered":"","protected":false},"author":1,"featured_media":0,"parent":33,"menu_order":0,"comment_status":"closed","ping_status":"closed","template":"","meta":[],"_links":{"self":[{"href":"https:\/\/www.sakti.nc\/index.php?rest_route=\/wp\/v2\/pages\/66"}],"collection":[{"href":"https:\/\/www.sakti.nc\/index.php?rest_route=\/wp\/v2\/pages"}],"about":[{"href":"https:\/\/www.sakti.nc\/index.php?rest_route=\/wp\/v2\/types\/page"}],"author":[{"embeddable":true,"href":"https:\/\/www.sakti.nc\/index.php?rest_route=\/wp\/v2\/users\/1"}],"replies":[{"embeddable":true,"href":"https:\/\/www.sakti.nc\/index.php?rest_route=%2Fwp%2Fv2%2Fcomments&post=66"}],"version-history":[{"count":10,"href":"https:\/\/www.sakti.nc\/index.php?rest_route=\/wp\/v2\/pages\/66\/revisions"}],"predecessor-version":[{"id":295,"href":"https:\/\/www.sakti.nc\/index.php?rest_route=\/wp\/v2\/pages\/66\/revisions\/295"}],"up":[{"embeddable":true,"href":"https:\/\/www.sakti.nc\/index.php?rest_route=\/wp\/v2\/pages\/33"}],"wp:attachment":[{"href":"https:\/\/www.sakti.nc\/index.php?rest_route=%2Fwp%2Fv2%2Fmedia&parent=66"}],"curies":[{"name":"wp","href":"https:\/\/api.w.org\/{rel}","templated":true}]}}